{"id":40,"date":"2013-10-28T13:09:17","date_gmt":"2013-10-28T13:09:17","guid":{"rendered":"http:\/\/life-eislek.eu\/?page_id=40"},"modified":"2013-10-30T22:16:57","modified_gmt":"2013-10-30T21:16:57","slug":"breechen","status":"publish","type":"page","link":"https:\/\/life-eislek.eu\/fr\/uebersicht\/habitatschutzgebiete\/breechen\/","title":{"rendered":"BREICHEN &#8211; Weicherdange &#8211; Breichen LU0001004"},"content":{"rendered":"<p>BREICHEN ist ein kleines Gebiet von 57.40 Hektar am Rand des Eislek-Plateaus im S\u00fcdwesten von Clervaux und beinhaltet das Quellgebiet des kleinen Randsbaach, ein Nebenbach der Klerf.<\/p>\n<p><img loading=\"lazy\" decoding=\"async\" class=\"alignleft size-large wp-image-247\" alt=\"Binder1_Page_01\" src=\"http:\/\/life-eislek.eu\/wp-content\/uploads\/2013\/10\/Binder1_Page_01-723x1024.jpg\" width=\"584\" height=\"827\" \/><\/p>\n<p>Restbest\u00e4nde eines typischen Ardenner-Borstgrasrasen mit Begleitflur sind die Highlights dieses Gebietes. Die zwei Quellb\u00e4che bieten mit ihren Feuchtwiesen und Feuchtbrachen einen typischen Lebensraum f\u00fcr den blauschillernden Feuerfalter (<em>Lycaena helle<\/em>) und den Randring-Perlmutterfalter (<em>Boloria eunomia<\/em>).<\/p>\n<p><a href=\"http:\/\/life-eislek.eu\/wp-content\/uploads\/2013\/10\/Breichen1.jpg\"><img loading=\"lazy\" decoding=\"async\" class=\"alignleft size-thumbnail wp-image-464\" alt=\"Breichen\" src=\"http:\/\/life-eislek.eu\/wp-content\/uploads\/2013\/10\/Breichen1-150x150.jpg\" width=\"150\" height=\"150\" \/><\/a><\/p>\n<p><a href=\"http:\/\/life-eislek.eu\/wp-content\/uploads\/2013\/10\/Breichen.jpg\"><img loading=\"lazy\" decoding=\"async\" class=\"size-thumbnail wp-image-334 alignleft\" alt=\"Weicherdange - Breichen (LU0001004)\" src=\"http:\/\/life-eislek.eu\/wp-content\/uploads\/2013\/10\/Breichen-150x150.jpg\" width=\"150\" height=\"150\" \/><a href=\"http:\/\/life-eislek.eu\/wp-content\/uploads\/2013\/10\/P1050825.jpg\"><img loading=\"lazy\" decoding=\"async\" class=\"alignleft size-thumbnail wp-image-483\" alt=\"P1050825\" src=\"http:\/\/life-eislek.eu\/wp-content\/uploads\/2013\/10\/P1050825-150x150.jpg\" width=\"150\" height=\"150\" \/><\/a><\/a><\/p>\n<p>&nbsp;<\/p>\n<!-- AddThis Advanced Settings generic via filter on the_content --><!-- AddThis Share Buttons generic via filter on the_content -->","protected":false},"excerpt":{"rendered":"<p>BREICHEN ist ein kleines Gebiet von 57.40 Hektar am Rand des Eislek-Plateaus im S\u00fcdwesten von Clervaux und beinhaltet das Quellgebiet des kleinen Randsbaach, ein Nebenbach der Klerf. Restbest\u00e4nde eines typischen Ardenner-Borstgrasrasen mit Begleitflur sind die Highlights dieses Gebietes. Die zwei Quellb\u00e4che bieten mit ihren Feuchtwiesen und Feuchtbrachen einen typischen Lebensraum f\u00fcr den blauschillernden Feuerfalter (Lycaena [&hellip;]<!-- AddThis Advanced Settings generic via filter on get_the_excerpt --><!-- AddThis Share Buttons generic via filter on get_the_excerpt --><\/p>\n","protected":false},"author":2,"featured_media":0,"parent":150,"menu_order":0,"comment_status":"closed","ping_status":"closed","template":"","meta":{"footnotes":""},"class_list":["post-40","page","type-page","status-publish","hentry"],"_links":{"self":[{"href":"https:\/\/life-eislek.eu\/fr\/wp-json\/wp\/v2\/pages\/40","targetHints":{"allow":["GET"]}}],"collection":[{"href":"https:\/\/life-eislek.eu\/fr\/wp-json\/wp\/v2\/pages"}],"about":[{"href":"https:\/\/life-eislek.eu\/fr\/wp-json\/wp\/v2\/types\/page"}],"author":[{"embeddable":true,"href":"https:\/\/life-eislek.eu\/fr\/wp-json\/wp\/v2\/users\/2"}],"replies":[{"embeddable":true,"href":"https:\/\/life-eislek.eu\/fr\/wp-json\/wp\/v2\/comments?post=40"}],"version-history":[{"count":11,"href":"https:\/\/life-eislek.eu\/fr\/wp-json\/wp\/v2\/pages\/40\/revisions"}],"predecessor-version":[{"id":463,"href":"https:\/\/life-eislek.eu\/fr\/wp-json\/wp\/v2\/pages\/40\/revisions\/463"}],"up":[{"embeddable":true,"href":"https:\/\/life-eislek.eu\/fr\/wp-json\/wp\/v2\/pages\/150"}],"wp:attachment":[{"href":"https:\/\/life-eislek.eu\/fr\/wp-json\/wp\/v2\/media?parent=40"}],"curies":[{"name":"wp","href":"https:\/\/api.w.org\/{rel}","templated":true}]}}

<p>BREICHEN ist ein kleines Gebiet von 57.40 Hektar am Rand des Eislek-Plateaus im Südwesten von Clervaux und beinhaltet das Quellgebiet des kleinen Randsbaach, ein Nebenbach der Klerf.</p>
<p><img loading="lazy" decoding="async" class="alignleft size-large wp-image-247" alt="Binder1_Page_01" src="http://life-eislek.eu/wp-content/uploads/2013/10/Binder1_Page_01-723x1024.jpg" width="584" height="827" /></p>
<p>Restbestände eines typischen Ardenner-Borstgrasrasen mit Begleitflur sind die Highlights dieses Gebietes. Die zwei Quellbäche bieten mit ihren Feuchtwiesen und Feuchtbrachen einen typischen Lebensraum für den blauschillernden Feuerfalter (<em>Lycaena helle</em>) und den Randring-Perlmutterfalter (<em>Boloria eunomia</em>).</p>
<p><a href="http://life-eislek.eu/wp-content/uploads/2013/10/Breichen1.jpg"><img loading="lazy" decoding="async" class="alignleft size-thumbnail wp-image-464" alt="Breichen" src="http://life-eislek.eu/wp-content/uploads/2013/10/Breichen1-150x150.jpg" width="150" height="150" /></a></p>
<p><a href="http://life-eislek.eu/wp-content/uploads/2013/10/Breichen.jpg"><img loading="lazy" decoding="async" class="size-thumbnail wp-image-334 alignleft" alt="Weicherdange - Breichen (LU0001004)" src="http://life-eislek.eu/wp-content/uploads/2013/10/Breichen-150x150.jpg" width="150" height="150" /><a href="http://life-eislek.eu/wp-content/uploads/2013/10/P1050825.jpg"><img loading="lazy" decoding="async" class="alignleft size-thumbnail wp-image-483" alt="P1050825" src="http://life-eislek.eu/wp-content/uploads/2013/10/P1050825-150x150.jpg" width="150" height="150" /></a></a></p>
<p>&nbsp;</p>
<!-- AddThis Advanced Settings generic via filter on the_content --><!-- AddThis Share Buttons generic via filter on the_content -->

<p>BREICHEN ist ein kleines Gebiet von 57.40 Hektar am Rand des Eislek-Plateaus im Südwesten von Clervaux und beinhaltet das Quellgebiet des kleinen Randsbaach, ein Nebenbach der Klerf. Restbestände eines typischen Ardenner-Borstgrasrasen mit Begleitflur sind die Highlights dieses Gebietes. Die zwei Quellbäche bieten mit ihren Feuchtwiesen und Feuchtbrachen einen typischen Lebensraum für den blauschillernden Feuerfalter (Lycaena [&hellip;]<!-- AddThis Advanced Settings generic via filter on get_the_excerpt --><!-- AddThis Share Buttons generic via filter on get_the_excerpt --></p>
